of 505232?
3
What is the hundred thousands digit of 13468503?
4
What is the tens digit of 5218457?
5
What is the thousands digit of 160216?
0
What is the thousands digit of 579026?
9
What is the units digit of 65105?
5
What is the hundred thousands digit of 961982?
9
What is the hundreds digit of 453700?
7
What is the thousands digit of 14457965?
7
What is the ten thousands digit of 11535?
1
What is the hundreds digit of 333280?
2
What is the hundred thousands digit of 18491501?
4
What is the tens digit of 176829?
2
What is the thousands digit of 560608?
0
What is the thousands digit of 348640?
8
What is the tens digit of 148699?
9
What is the units digit of 7790258?
8
What is the units digit of 3190292?
2
What is the hundreds digit of 9928991?
9
What is the units digit of 967?
7
What is the hundreds digit of 527348?
3
What is the hundreds digit of 13066527?
5
What is the ten thousands digit of 24484835?
8
What is the tens digit of 687439?
3
What is the thousands digit of 320057?
0
What is the hundreds digit of 262891?
8
What is the tens digit of 12144429?
2
What is the tens digit of 366192?
9
What is the ten thousands digit of 328556?
2
What is the tens digit of 3990968?
6
What is the thousands digit of 426565?
6
What is the thousands digit of 1829032?
9
What is the units digit of 612660?
0
What is the tens digit of 613616?
1
What is the hundred thousands digit of 175894?
1
What is the tens digit of 17053347?
4
What is the tens digit of 467854?
5
What is the units digit of 149565?
5
What is the thousands digit of 45997?
5
What is the hundred thousands digit of 500651?
5
What is the units digit of 4785403?
3
What is the thousands digit of 36797519?
7
What is the hundreds digit of 3365240?
2
What is the tens digit of 127923?
2
What is the hundreds digit of 7852092?
0
What is the hundred thousands digit of 8727847?
7
What is the hundreds digit of 300291?
2
What is the units digit of 29584778?
8
What is the hundred thousands digit of 512331?
5
What is the hundreds digit of 785978?
9
What is the hundreds digit of 573108?
1
What is the tens digit of 2798975?
7
What is the units digit of 307080?
0
What is the millions digit of 1600937?
1
What is the ten thousands digit of 870341?
7
What is the thousands digit of 659973?
9
What is the tens digit of 15774449?
4
What is the millions digit of 2264190?
2
What is the millions digit of 16833447?
6
What is the ten thousands digit of 429290?
2
What is the hundred thousands digit of 9739957?
7
What is the units digit of 7763983?
3
What is the units digit of 625724?
4
What is the tens digit of 675826?
2
What is the hundred thousands digit of 563552?
5
What is the ten millions digit of 14269900?
1
What is the hundreds digit of 3867778?
7
What is the hundred thousands digit of 2367306?
3
What is the units digit of 3079861?
1
What is the tens digit of 5480533?
3
What is the hundreds digit of 393632?
6
What is the hundred thousands digit of 868771?
8
What is the units digit of 18899679?
9
What is the tens digit of 11059618?
1
What is the millions digit of 3815612?
3
What is the units digit of 474720?
0
What is the units digit of 9439989?
9
What is the ten thousands digit of 1306053?
0
What is the hundred thousands digit of 283386?
2
What is the hundreds digit of 4687209?
2
What is the tens digit of 485825?
2
What is the hundreds digit of 2326487?
4
What is the hundreds digit of 2479639?
6
What is the tens digit of 11396957?
5
What is the thousands digit of 10872651?
2
What is the millions digit of 4468859?
4
What is the ten millions digit of 30812655?
3
What is the units digit of 1185698?
8
What is the thousands digit of 35436016?
6
What is the hundred thousands digit of 1240660?
2
What is the hundred thousands digit of 533088?
5
What is the hundreds digit of 467509?
5
What is the ten thousands digit of 24861337?
6
What is the hundreds digit of 1302334?
3
What is the thousands digit of 4196869?
6
What is the hundreds digit of 80267?
2
What is the ten thousands digit of 37640?
3
What is the ten thousands digit of 191887?
9
What is the tens digit of 73733?
3
What is the thousands digit of 83752?
3
What is the units digit of 20831984?
4
What is the hundreds digit of 10638506?
5
What is the hundreds digit of 304044?
0
What is the ten thousands digit of 277961?
7
What is the units digit of 182233?
3
What is the thousands digit of 20502136?
2
What is the tens digit of 27554928?
2
What is the tens digit of 168757?
5
What is the tens digit of 13999478?
7
What is the units digit of 35922654?
4
What is the hundreds digit of 535648?
6
What is the units digit of 275023?
3
What is the ten thousands digit of 3100577?
0
What is the hundreds digit of 509341?
3
What is the hundred thousands digit of 1032031?
0
What is the thousands digit of 21462985?
2
What is the thousands digit of 3703740?
3
What is the tens digit of 903032?
3
What is the hundred thousands digit of 243612?
2
What is the ten thousands digit of 2100480?
0
What is the millions digit of 2474612?
2
What is the ten millions digit of 13080911?
1
What is the thousands digit of 2238483?
8
What is the tens digit of 63804?
0
What is the ten thousands digit of 183661?
8
What is the thousands digit of 4469?
4
What is the thousands digit of 162208?
2
What is the ten thousands digit of 527103?
2
What is the hundreds digit of 818033?
0
What is the hundreds digit of 4238124?
1
What is the hundreds digit of 68605?
6
What is the ten millions digit of 12746861?
1
What is the millions digit of 11216182?
1
What is the hundreds digit of 1430579?
5
What is the hundred thousands digit of 574309?
5
What is the hundred thousands digit of 984350?
9
What is the thousands digit of 705123?
5
What is the hundred thousands digit of 679753?
6
What is the thousands digit of 162048?
2
What is the ten thousands digit of 711541?
1
What is the hundred thousands digit of 4975711?
9
What is the hundreds digit of 4092047?
0
What is the units digit of 306477?
7
What is the thousands digit of 614888?
4
What is the ten thousands digit of 15927260?
2
What is the tens digit of 1177039?
3
What is the hundreds digit of 229433?
4
What is the thousands digit of 2503721?
3
What is the ten thousands digit of 1657383?
5
What is the ten thousands digit of 176171?
7
What is the millions digit of 6039681?
6
What is the hundreds digit of 932788?
7
What is the hundreds digit of 4323685?
6
What is the ten thousands digit of 2488371?
8
What is the millions digit of 8493555?
8
What is the tens digit of 744374?
7
What is the ten millions digit of 11336220?
1
What is the tens digit of 844657?
5
What is the hundreds digit of 406429?
4
What is the hundreds digit of 1870601?
6
What is the ten millions digit of 16996553?
1
What is the units digit of 1573416?
6
What is the thousands digit of 7326144?
6
What is the thousands digit of 35800?
5
What is the thousands digit of 10041175?
1
What is the ten thousands digit of 348553?
4
What is the ten thousands digit of 326225?
2
What is the millions digit of 6643637?
6
What is the ten thousands digit of 328570?
2
What is the ten thousands digit of 18515960?
1
What is the units digit of 146760?
0
What is the hundreds digit of 15775710?
7
What is the tens digit of 1098183?
8
What is the thousands digit of 8888474?
8
What is the ten thousands digit of 1608518?
0
What is the hundreds digit of 195428?
4
What is the hundred thousands digit of 248804?
2
What is the units digit of 1013706?
6
What is the ten thousands digit of 2891575?
9
What is the hundred thousands digit of 384737?
3
What is the tens digit of 57407?
0
What is the tens digit of 2245310?
1
What is the hundred thousands digit of 1182657?
1
What is the millions digit of 1566044?
1
What is the millions digit of 20449554?
0
What is the thousands digit of 2468440?
8
What is the hundreds digit of 5631987?
9
What is the hundreds digit of 8129983?
9
What is the thousands digit of 317925?
7
What is the hundreds digit of 326462?
4
What is the thousands digit of 453920?
3
What is the tens digit of 2472975?
7
What is the ten thousands digit of 333848?
3
What is the tens digit of 6594496?
9
What is the units digit of 1035878?
8
What is the millions digit of 1139997?
1
What is the hundred thousands digit of 780243?
7
What is the ten thou